{"id":2,"date":"2021-02-21T10:15:23","date_gmt":"2021-02-21T10:15:23","guid":{"rendered":"https:\/\/beatrice-lambert.fr\/?page_id=2"},"modified":"2024-02-18T11:18:08","modified_gmt":"2024-02-18T11:18:08","slug":"contact","status":"publish","type":"page","link":"https:\/\/beatrice-lambert.fr\/index.php\/contact\/","title":{"rendered":"Contact"},"content":{"rendered":"\t\t<div data-elementor-type=\"wp-page\" data-elementor-id=\"2\" class=\"elementor elementor-2\">\n\t\t\t\t\t\t<section class=\"elementor-section elementor-top-section elementor-element elementor-element-fd62662 elementor-section-boxed elementor-section-height-default elementor-section-height-default\" data-id=\"fd62662\" data-element_type=\"section\" data-e-type=\"section\">\n\t\t\t\t\t\t<div class=\"elementor-container elementor-column-gap-default\">\n\t\t\t\t\t<div class=\"elementor-column elementor-col-50 elementor-top-column elementor-element elementor-element-be73443\" data-id=\"be73443\" data-element_type=\"column\" data-e-type=\"column\">\n\t\t\t<div class=\"elementor-widget-wrap elementor-element-populated\">\n\t\t\t\t\t\t<div class=\"elementor-element elementor-element-ca99baa elementor-widget elementor-widget-text-editor\" data-id=\"ca99baa\" data-element_type=\"widget\" data-e-type=\"widget\" data-widget_type=\"text-editor.default\">\n\t\t\t\t<div class=\"elementor-widget-container\">\n\t\t\t\t\t\t\t\t\t<p><strong><img fetchpriority=\"high\" decoding=\"async\" class=\"alignnone size-medium wp-image-383\" src=\"https:\/\/beatrice-lambert.fr\/wp-content\/uploads\/2021\/05\/5-ceremonie-chamanique-2-300x300.jpg\" alt=\"\" width=\"300\" height=\"300\" srcset=\"https:\/\/beatrice-lambert.fr\/wp-content\/uploads\/2021\/05\/5-ceremonie-chamanique-2-300x300.jpg 300w, https:\/\/beatrice-lambert.fr\/wp-content\/uploads\/2021\/05\/5-ceremonie-chamanique-2-600x600.jpg 600w, https:\/\/beatrice-lambert.fr\/wp-content\/uploads\/2021\/05\/5-ceremonie-chamanique-2-768x768.jpg 768w, https:\/\/beatrice-lambert.fr\/wp-content\/uploads\/2021\/05\/5-ceremonie-chamanique-2.jpg 1000w\" sizes=\"(max-width: 300px) 100vw, 300px\" \/><\/strong><\/p>\t\t\t\t\t\t\t\t<\/div>\n\t\t\t\t<\/div>\n\t\t\t\t<div class=\"elementor-element elementor-element-7558233 elementor-widget elementor-widget-text-editor\" data-id=\"7558233\" data-element_type=\"widget\" data-e-type=\"widget\" data-widget_type=\"text-editor.default\">\n\t\t\t\t<div class=\"elementor-widget-container\">\n\t\t\t\t\t\t\t\t\t<strong>Beatrice Lambert<\/strong>\t\t\t\t\t\t\t\t<\/div>\n\t\t\t\t<\/div>\n\t\t\t\t\t<\/div>\n\t\t<\/div>\n\t\t\t\t<div class=\"elementor-column elementor-col-50 elementor-top-column elementor-element elementor-element-b5b505b\" data-id=\"b5b505b\" data-element_type=\"column\" data-e-type=\"column\">\n\t\t\t<div class=\"elementor-widget-wrap elementor-element-populated\">\n\t\t\t\t\t\t<div class=\"elementor-element elementor-element-fcdfdf2 elementor-widget elementor-widget-text-editor\" data-id=\"fcdfdf2\" data-element_type=\"widget\" data-e-type=\"widget\" data-widget_type=\"text-editor.default\">\n\t\t\t\t<div class=\"elementor-widget-container\">\n\t\t\t\t\t\t\t\t\t<p>Pour les consultations individuelles, je vous re\u00e7ois dans mon cabinet \u00e0 Monistrol sur Loire (43 120).<\/p>\n\n<p>Pour les autres activit\u00e9s, n&rsquo;h\u00e9sitez pas \u00e0 me contacter pour plus d&rsquo;informations \ud83d\ude42<\/p>\n\n<center><strong>beatrice.lambert938@gmail.com<\/strong><\/center><center><strong>06 72 96 87 03<\/strong><\/center>&nbsp;\t\t\t\t\t\t\t\t<\/div>\n\t\t\t\t<\/div>\n\t\t\t\t\t<\/div>\n\t\t<\/div>\n\t\t\t\t\t<\/div>\n\t\t<\/section>\n\t\t\t\t<section class=\"elementor-section elementor-top-section elementor-element elementor-element-186eff0 elementor-section-boxed elementor-section-height-default elementor-section-height-default\" data-id=\"186eff0\" data-element_type=\"section\" data-e-type=\"section\">\n\t\t\t\t\t\t<div class=\"elementor-container elementor-column-gap-default\">\n\t\t\t\t\t<div class=\"elementor-column elementor-col-100 elementor-top-column elementor-element elementor-element-994a065\" data-id=\"994a065\" data-element_type=\"column\" data-e-type=\"column\">\n\t\t\t<div class=\"elementor-widget-wrap\">\n\t\t\t\t\t\t\t<\/div>\n\t\t<\/div>\n\t\t\t\t\t<\/div>\n\t\t<\/section>\n\t\t\t\t<\/div>\n\t\t","protected":false},"excerpt":{"rendered":"<p>Beatrice Lambert Pour les consultations individuelles, je vous re\u00e7ois dans mon cabinet \u00e0 Monistrol sur Loire (43 120). Pour les autres activit\u00e9s, n&rsquo;h\u00e9sitez pas \u00e0 me contacter pour plus d&rsquo;informations \ud83d\ude42 beatrice.lambert938@gmail.com06 72 96 87 03&nbsp;<\/p>\n","protected":false},"author":1,"featured_media":0,"parent":0,"menu_order":0,"comment_status":"closed","ping_status":"open","template":"","meta":{"_acf_changed":false,"_kad_post_transparent":"","_kad_post_title":"","_kad_post_layout":"","_kad_post_sidebar_id":"","_kad_post_content_style":"","_kad_post_vertical_padding":"","_kad_post_feature":"","_kad_post_feature_position":"","_kad_post_header":false,"_kad_post_footer":false,"_kad_post_classname":"","footnotes":""},"class_list":["post-2","page","type-page","status-publish","hentry"],"acf":[],"yoast_head":"<!-- This site is optimized with the Yoast SEO plugin v27.4 - https:\/\/yoast.com\/product\/yoast-seo-wordpress\/ -->\n<title>Contact - Beatrice Lambert<\/title>\n<meta name=\"robots\" content=\"index, follow, max-snippet:-1, max-image-preview:large, max-video-preview:-1\" \/>\n<link rel=\"canonical\" href=\"https:\/\/beatrice-lambert.fr\/index.php\/contact\/\" \/>\n<meta property=\"og:locale\" content=\"fr_FR\" \/>\n<meta property=\"og:type\" content=\"article\" \/>\n<meta property=\"og:title\" content=\"Contact - Beatrice Lambert\" \/>\n<meta property=\"og:description\" content=\"Beatrice Lambert Pour les consultations individuelles, je vous re\u00e7ois dans mon cabinet \u00e0 Monistrol sur Loire (43 120). Pour les autres activit\u00e9s, n&rsquo;h\u00e9sitez pas \u00e0 me contacter pour plus d&rsquo;informations \ud83d\ude42 beatrice.lambert938@gmail.com06 72 96 87 03&nbsp;\" \/>\n<meta property=\"og:url\" content=\"https:\/\/beatrice-lambert.fr\/index.php\/contact\/\" \/>\n<meta property=\"og:site_name\" content=\"Beatrice Lambert\" \/>\n<meta property=\"article:modified_time\" content=\"2024-02-18T11:18:08+00:00\" \/>\n<meta property=\"og:image\" content=\"https:\/\/beatrice-lambert.fr\/wp-content\/uploads\/2021\/05\/5-ceremonie-chamanique-2-300x300.jpg\" \/>\n<meta name=\"twitter:card\" content=\"summary_large_image\" \/>\n<meta name=\"twitter:label1\" content=\"Dur\u00e9e de lecture estim\u00e9e\" \/>\n\t<meta name=\"twitter:data1\" content=\"1 minute\" \/>\n<script type=\"application\/ld+json\" class=\"yoast-schema-graph\">{\"@context\":\"https:\\\/\\\/schema.org\",\"@graph\":[{\"@type\":\"WebPage\",\"@id\":\"https:\\\/\\\/beatrice-lambert.fr\\\/index.php\\\/contact\\\/\",\"url\":\"https:\\\/\\\/beatrice-lambert.fr\\\/index.php\\\/contact\\\/\",\"name\":\"Contact - Beatrice Lambert\",\"isPartOf\":{\"@id\":\"https:\\\/\\\/beatrice-lambert.fr\\\/#website\"},\"primaryImageOfPage\":{\"@id\":\"https:\\\/\\\/beatrice-lambert.fr\\\/index.php\\\/contact\\\/#primaryimage\"},\"image\":{\"@id\":\"https:\\\/\\\/beatrice-lambert.fr\\\/index.php\\\/contact\\\/#primaryimage\"},\"thumbnailUrl\":\"https:\\\/\\\/beatrice-lambert.fr\\\/wp-content\\\/uploads\\\/2021\\\/05\\\/5-ceremonie-chamanique-2-300x300.jpg\",\"datePublished\":\"2021-02-21T10:15:23+00:00\",\"dateModified\":\"2024-02-18T11:18:08+00:00\",\"breadcrumb\":{\"@id\":\"https:\\\/\\\/beatrice-lambert.fr\\\/index.php\\\/contact\\\/#breadcrumb\"},\"inLanguage\":\"fr-FR\",\"potentialAction\":[{\"@type\":\"ReadAction\",\"target\":[\"https:\\\/\\\/beatrice-lambert.fr\\\/index.php\\\/contact\\\/\"]}]},{\"@type\":\"ImageObject\",\"inLanguage\":\"fr-FR\",\"@id\":\"https:\\\/\\\/beatrice-lambert.fr\\\/index.php\\\/contact\\\/#primaryimage\",\"url\":\"https:\\\/\\\/beatrice-lambert.fr\\\/wp-content\\\/uploads\\\/2021\\\/05\\\/5-ceremonie-chamanique-2.jpg\",\"contentUrl\":\"https:\\\/\\\/beatrice-lambert.fr\\\/wp-content\\\/uploads\\\/2021\\\/05\\\/5-ceremonie-chamanique-2.jpg\",\"width\":1000,\"height\":1000},{\"@type\":\"BreadcrumbList\",\"@id\":\"https:\\\/\\\/beatrice-lambert.fr\\\/index.php\\\/contact\\\/#breadcrumb\",\"itemListElement\":[{\"@type\":\"ListItem\",\"position\":1,\"name\":\"Accueil\",\"item\":\"https:\\\/\\\/beatrice-lambert.fr\\\/\"},{\"@type\":\"ListItem\",\"position\":2,\"name\":\"Contact\"}]},{\"@type\":\"WebSite\",\"@id\":\"https:\\\/\\\/beatrice-lambert.fr\\\/#website\",\"url\":\"https:\\\/\\\/beatrice-lambert.fr\\\/\",\"name\":\"Beatrice Lambert\",\"description\":\"\",\"publisher\":{\"@id\":\"https:\\\/\\\/beatrice-lambert.fr\\\/#organization\"},\"potentialAction\":[{\"@type\":\"SearchAction\",\"target\":{\"@type\":\"EntryPoint\",\"urlTemplate\":\"https:\\\/\\\/beatrice-lambert.fr\\\/?s={search_term_string}\"},\"query-input\":{\"@type\":\"PropertyValueSpecification\",\"valueRequired\":true,\"valueName\":\"search_term_string\"}}],\"inLanguage\":\"fr-FR\"},{\"@type\":\"Organization\",\"@id\":\"https:\\\/\\\/beatrice-lambert.fr\\\/#organization\",\"name\":\"B\u00e9atrice Lambert\",\"url\":\"https:\\\/\\\/beatrice-lambert.fr\\\/\",\"logo\":{\"@type\":\"ImageObject\",\"inLanguage\":\"fr-FR\",\"@id\":\"https:\\\/\\\/beatrice-lambert.fr\\\/#\\\/schema\\\/logo\\\/image\\\/\",\"url\":\"https:\\\/\\\/beatrice-lambert.fr\\\/wp-content\\\/uploads\\\/2021\\\/09\\\/Beatrice-Logo-OK6.png\",\"contentUrl\":\"https:\\\/\\\/beatrice-lambert.fr\\\/wp-content\\\/uploads\\\/2021\\\/09\\\/Beatrice-Logo-OK6.png\",\"width\":400,\"height\":283,\"caption\":\"B\u00e9atrice Lambert\"},\"image\":{\"@id\":\"https:\\\/\\\/beatrice-lambert.fr\\\/#\\\/schema\\\/logo\\\/image\\\/\"}}]}<\/script>\n<!-- \/ Yoast SEO plugin. -->","yoast_head_json":{"title":"Contact - Beatrice Lambert","robots":{"index":"index","follow":"follow","max-snippet":"max-snippet:-1","max-image-preview":"max-image-preview:large","max-video-preview":"max-video-preview:-1"},"canonical":"https:\/\/beatrice-lambert.fr\/index.php\/contact\/","og_locale":"fr_FR","og_type":"article","og_title":"Contact - Beatrice Lambert","og_description":"Beatrice Lambert Pour les consultations individuelles, je vous re\u00e7ois dans mon cabinet \u00e0 Monistrol sur Loire (43 120). Pour les autres activit\u00e9s, n&rsquo;h\u00e9sitez pas \u00e0 me contacter pour plus d&rsquo;informations \ud83d\ude42 beatrice.lambert938@gmail.com06 72 96 87 03&nbsp;","og_url":"https:\/\/beatrice-lambert.fr\/index.php\/contact\/","og_site_name":"Beatrice Lambert","article_modified_time":"2024-02-18T11:18:08+00:00","og_image":[{"url":"https:\/\/beatrice-lambert.fr\/wp-content\/uploads\/2021\/05\/5-ceremonie-chamanique-2-300x300.jpg","type":"","width":"","height":""}],"twitter_card":"summary_large_image","twitter_misc":{"Dur\u00e9e de lecture estim\u00e9e":"1 minute"},"schema":{"@context":"https:\/\/schema.org","@graph":[{"@type":"WebPage","@id":"https:\/\/beatrice-lambert.fr\/index.php\/contact\/","url":"https:\/\/beatrice-lambert.fr\/index.php\/contact\/","name":"Contact - Beatrice Lambert","isPartOf":{"@id":"https:\/\/beatrice-lambert.fr\/#website"},"primaryImageOfPage":{"@id":"https:\/\/beatrice-lambert.fr\/index.php\/contact\/#primaryimage"},"image":{"@id":"https:\/\/beatrice-lambert.fr\/index.php\/contact\/#primaryimage"},"thumbnailUrl":"https:\/\/beatrice-lambert.fr\/wp-content\/uploads\/2021\/05\/5-ceremonie-chamanique-2-300x300.jpg","datePublished":"2021-02-21T10:15:23+00:00","dateModified":"2024-02-18T11:18:08+00:00","breadcrumb":{"@id":"https:\/\/beatrice-lambert.fr\/index.php\/contact\/#breadcrumb"},"inLanguage":"fr-FR","potentialAction":[{"@type":"ReadAction","target":["https:\/\/beatrice-lambert.fr\/index.php\/contact\/"]}]},{"@type":"ImageObject","inLanguage":"fr-FR","@id":"https:\/\/beatrice-lambert.fr\/index.php\/contact\/#primaryimage","url":"https:\/\/beatrice-lambert.fr\/wp-content\/uploads\/2021\/05\/5-ceremonie-chamanique-2.jpg","contentUrl":"https:\/\/beatrice-lambert.fr\/wp-content\/uploads\/2021\/05\/5-ceremonie-chamanique-2.jpg","width":1000,"height":1000},{"@type":"BreadcrumbList","@id":"https:\/\/beatrice-lambert.fr\/index.php\/contact\/#breadcrumb","itemListElement":[{"@type":"ListItem","position":1,"name":"Accueil","item":"https:\/\/beatrice-lambert.fr\/"},{"@type":"ListItem","position":2,"name":"Contact"}]},{"@type":"WebSite","@id":"https:\/\/beatrice-lambert.fr\/#website","url":"https:\/\/beatrice-lambert.fr\/","name":"Beatrice Lambert","description":"","publisher":{"@id":"https:\/\/beatrice-lambert.fr\/#organization"},"potentialAction":[{"@type":"SearchAction","target":{"@type":"EntryPoint","urlTemplate":"https:\/\/beatrice-lambert.fr\/?s={search_term_string}"},"query-input":{"@type":"PropertyValueSpecification","valueRequired":true,"valueName":"search_term_string"}}],"inLanguage":"fr-FR"},{"@type":"Organization","@id":"https:\/\/beatrice-lambert.fr\/#organization","name":"B\u00e9atrice Lambert","url":"https:\/\/beatrice-lambert.fr\/","logo":{"@type":"ImageObject","inLanguage":"fr-FR","@id":"https:\/\/beatrice-lambert.fr\/#\/schema\/logo\/image\/","url":"https:\/\/beatrice-lambert.fr\/wp-content\/uploads\/2021\/09\/Beatrice-Logo-OK6.png","contentUrl":"https:\/\/beatrice-lambert.fr\/wp-content\/uploads\/2021\/09\/Beatrice-Logo-OK6.png","width":400,"height":283,"caption":"B\u00e9atrice Lambert"},"image":{"@id":"https:\/\/beatrice-lambert.fr\/#\/schema\/logo\/image\/"}}]}},"_links":{"self":[{"href":"https:\/\/beatrice-lambert.fr\/index.php\/wp-json\/wp\/v2\/pages\/2","targetHints":{"allow":["GET"]}}],"collection":[{"href":"https:\/\/beatrice-lambert.fr\/index.php\/wp-json\/wp\/v2\/pages"}],"about":[{"href":"https:\/\/beatrice-lambert.fr\/index.php\/wp-json\/wp\/v2\/types\/page"}],"author":[{"embeddable":true,"href":"https:\/\/beatrice-lambert.fr\/index.php\/wp-json\/wp\/v2\/users\/1"}],"replies":[{"embeddable":true,"href":"https:\/\/beatrice-lambert.fr\/index.php\/wp-json\/wp\/v2\/comments?post=2"}],"version-history":[{"count":50,"href":"https:\/\/beatrice-lambert.fr\/index.php\/wp-json\/wp\/v2\/pages\/2\/revisions"}],"predecessor-version":[{"id":3390,"href":"https:\/\/beatrice-lambert.fr\/index.php\/wp-json\/wp\/v2\/pages\/2\/revisions\/3390"}],"wp:attachment":[{"href":"https:\/\/beatrice-lambert.fr\/index.php\/wp-json\/wp\/v2\/media?parent=2"}],"curies":[{"name":"wp","href":"https:\/\/api.w.org\/{rel}","templated":true}]}}