{"id":115,"date":"2021-04-25T14:53:30","date_gmt":"2021-04-25T14:53:30","guid":{"rendered":"https:\/\/beatrice-lambert.fr\/index.php\/colibri-wp\/"},"modified":"2025-11-05T11:52:25","modified_gmt":"2025-11-05T11:52:25","slug":"colibri-wp","status":"publish","type":"page","link":"https:\/\/beatrice-lambert.fr\/","title":{"rendered":"Page d&rsquo;accueil"},"content":{"rendered":"\t\t<div data-elementor-type=\"wp-page\" data-elementor-id=\"115\" class=\"elementor elementor-115\">\n\t\t\t\t\t\t<section class=\"elementor-section elementor-top-section elementor-element elementor-element-4a3bb9d elementor-section-boxed elementor-section-height-default elementor-section-height-default\" data-id=\"4a3bb9d\" data-element_type=\"section\" data-e-type=\"section\">\n\t\t\t\t\t\t<div class=\"elementor-container elementor-column-gap-default\">\n\t\t\t\t\t<div class=\"elementor-column elementor-col-33 elementor-top-column elementor-element elementor-element-90f79e0\" data-id=\"90f79e0\" data-element_type=\"column\" data-e-type=\"column\">\n\t\t\t<div class=\"elementor-widget-wrap\">\n\t\t\t\t\t\t\t<\/div>\n\t\t<\/div>\n\t\t\t\t<div class=\"elementor-column elementor-col-33 elementor-top-column elementor-element elementor-element-d1ed11b\" data-id=\"d1ed11b\" data-element_type=\"column\" data-e-type=\"column\">\n\t\t\t<div class=\"elementor-widget-wrap\">\n\t\t\t\t\t\t\t<\/div>\n\t\t<\/div>\n\t\t\t\t<div class=\"elementor-column elementor-col-33 elementor-top-column elementor-element elementor-element-29f3ddf\" data-id=\"29f3ddf\" data-element_type=\"column\" data-e-type=\"column\">\n\t\t\t<div class=\"elementor-widget-wrap\">\n\t\t\t\t\t\t\t<\/div>\n\t\t<\/div>\n\t\t\t\t\t<\/div>\n\t\t<\/section>\n\t\t\t\t<section class=\"elementor-section elementor-top-section elementor-element elementor-element-a21e3c5 elementor-section-boxed elementor-section-height-default elementor-section-height-default\" data-id=\"a21e3c5\" data-element_type=\"section\" data-e-type=\"section\">\n\t\t\t\t\t\t<div class=\"elementor-container elementor-column-gap-default\">\n\t\t\t\t\t<div class=\"elementor-column elementor-col-25 elementor-top-column elementor-element elementor-element-d48c83a\" data-id=\"d48c83a\" data-element_type=\"column\" data-e-type=\"column\">\n\t\t\t<div class=\"elementor-widget-wrap\">\n\t\t\t\t\t\t\t<\/div>\n\t\t<\/div>\n\t\t\t\t<div class=\"elementor-column elementor-col-25 elementor-top-column elementor-element elementor-element-f43fc45\" data-id=\"f43fc45\" data-element_type=\"column\" data-e-type=\"column\">\n\t\t\t<div class=\"elementor-widget-wrap elementor-element-populated\">\n\t\t\t\t\t\t<div class=\"elementor-element elementor-element-f96a44d elementor-widget elementor-widget-image\" data-id=\"f96a44d\" data-element_type=\"widget\" data-e-type=\"widget\" data-widget_type=\"image.default\">\n\t\t\t\t<div class=\"elementor-widget-container\">\n\t\t\t\t\t\t\t\t\t\t\t\t\t\t\t\t<a href=\"https:\/\/beatrice-lambert.fr\/index.php\/colibri-wp\/psychotherapie-corporelle-et-chamanique\/\">\n\t\t\t\t\t\t\t<img fetchpriority=\"high\" decoding=\"async\" width=\"1000\" height=\"1000\" src=\"https:\/\/beatrice-lambert.fr\/wp-content\/uploads\/2021\/05\/1-psuchotherqpie.jpg\" class=\"attachment-large size-large wp-image-379\" alt=\"\" srcset=\"https:\/\/beatrice-lambert.fr\/wp-content\/uploads\/2021\/05\/1-psuchotherqpie.jpg 1000w, https:\/\/beatrice-lambert.fr\/wp-content\/uploads\/2021\/05\/1-psuchotherqpie-300x300.jpg 300w, https:\/\/beatrice-lambert.fr\/wp-content\/uploads\/2021\/05\/1-psuchotherqpie-600x600.jpg 600w, https:\/\/beatrice-lambert.fr\/wp-content\/uploads\/2021\/05\/1-psuchotherqpie-768x768.jpg 768w, https:\/\/beatrice-lambert.fr\/wp-content\/uploads\/2021\/05\/elementor\/thumbs\/1-psuchotherqpie-p70fxass24m7rsnc7k2zdljc3ful7eb80dedzwhpqg.jpg 500w\" sizes=\"(max-width: 1000px) 100vw, 1000px\" \/>\t\t\t\t\t\t\t\t<\/a>\n\t\t\t\t\t\t\t\t\t\t\t\t\t\t\t<\/div>\n\t\t\t\t<\/div>\n\t\t\t\t<div class=\"elementor-element elementor-element-65ae6c6 elementor-widget elementor-widget-heading\" data-id=\"65ae6c6\" data-element_type=\"widget\" data-e-type=\"widget\" data-widget_type=\"heading.default\">\n\t\t\t\t<div class=\"elementor-widget-container\">\n\t\t\t\t\t<h3 class=\"elementor-heading-title elementor-size-default\"><a href=\"https:\/\/beatrice-lambert.fr\/index.php\/colibri-wp\/psychotherapie-corporelle-et-chamanique\/\">Th\u00e9rapie psychocorporelle et transpersonnelle<\/a><\/h3>\t\t\t\t<\/div>\n\t\t\t\t<\/div>\n\t\t\t\t\t<\/div>\n\t\t<\/div>\n\t\t\t\t<div class=\"elementor-column elementor-col-25 elementor-top-column elementor-element elementor-element-c5b8414\" data-id=\"c5b8414\" data-element_type=\"column\" data-e-type=\"column\">\n\t\t\t<div class=\"elementor-widget-wrap elementor-element-populated\">\n\t\t\t\t\t\t<div class=\"elementor-element elementor-element-e457660 elementor-widget elementor-widget-image\" data-id=\"e457660\" data-element_type=\"widget\" data-e-type=\"widget\" data-widget_type=\"image.default\">\n\t\t\t\t<div class=\"elementor-widget-container\">\n\t\t\t\t\t\t\t\t\t\t\t\t\t\t\t\t<a href=\"https:\/\/beatrice-lambert.fr\/index.php\/colibri-wp\/2-week-end-et-autres-propositions\/les-constellations-et-rituels-chamaniques\/\">\n\t\t\t\t\t\t\t<img decoding=\"async\" width=\"1000\" height=\"1000\" src=\"https:\/\/beatrice-lambert.fr\/wp-content\/uploads\/2022\/04\/Les-constellations-biodynamique-et-chamanique.jpg\" class=\"attachment-large size-large wp-image-1636\" alt=\"\" srcset=\"https:\/\/beatrice-lambert.fr\/wp-content\/uploads\/2022\/04\/Les-constellations-biodynamique-et-chamanique.jpg 1000w, https:\/\/beatrice-lambert.fr\/wp-content\/uploads\/2022\/04\/Les-constellations-biodynamique-et-chamanique-300x300.jpg 300w, https:\/\/beatrice-lambert.fr\/wp-content\/uploads\/2022\/04\/Les-constellations-biodynamique-et-chamanique-600x600.jpg 600w, https:\/\/beatrice-lambert.fr\/wp-content\/uploads\/2022\/04\/Les-constellations-biodynamique-et-chamanique-768x768.jpg 768w\" sizes=\"(max-width: 1000px) 100vw, 1000px\" \/>\t\t\t\t\t\t\t\t<\/a>\n\t\t\t\t\t\t\t\t\t\t\t\t\t\t\t<\/div>\n\t\t\t\t<\/div>\n\t\t\t\t<div class=\"elementor-element elementor-element-fccc756 elementor-widget elementor-widget-heading\" data-id=\"fccc756\" data-element_type=\"widget\" data-e-type=\"widget\" data-widget_type=\"heading.default\">\n\t\t\t\t<div class=\"elementor-widget-container\">\n\t\t\t\t\t<h3 class=\"elementor-heading-title elementor-size-default\"><a href=\"https:\/\/beatrice-lambert.fr\/index.php\/colibri-wp\/2-week-end-et-autres-propositions\/les-constellations-et-rituels-chamaniques\/\">Constellations et <br>rituels chamaniques<\/a><\/h3>\t\t\t\t<\/div>\n\t\t\t\t<\/div>\n\t\t\t\t\t<\/div>\n\t\t<\/div>\n\t\t\t\t<div class=\"elementor-column elementor-col-25 elementor-top-column elementor-element elementor-element-b943755\" data-id=\"b943755\" data-element_type=\"column\" data-e-type=\"column\">\n\t\t\t<div class=\"elementor-widget-wrap\">\n\t\t\t\t\t\t\t<\/div>\n\t\t<\/div>\n\t\t\t\t\t<\/div>\n\t\t<\/section>\n\t\t\t\t<section class=\"elementor-section elementor-top-section elementor-element elementor-element-2b3030d elementor-section-boxed elementor-section-height-default elementor-section-height-default\" data-id=\"2b3030d\" data-element_type=\"section\" data-e-type=\"section\">\n\t\t\t\t\t\t<div class=\"elementor-container elementor-column-gap-default\">\n\t\t\t\t\t<div class=\"elementor-column elementor-col-25 elementor-top-column elementor-element elementor-element-ac7fc35\" data-id=\"ac7fc35\" data-element_type=\"column\" data-e-type=\"column\">\n\t\t\t<div class=\"elementor-widget-wrap\">\n\t\t\t\t\t\t\t<\/div>\n\t\t<\/div>\n\t\t\t\t<div class=\"elementor-column elementor-col-25 elementor-top-column elementor-element elementor-element-9924c57\" data-id=\"9924c57\" data-element_type=\"column\" data-e-type=\"column\">\n\t\t\t<div class=\"elementor-widget-wrap elementor-element-populated\">\n\t\t\t\t\t\t<div class=\"elementor-element elementor-element-9944817 elementor-widget elementor-widget-image\" data-id=\"9944817\" data-element_type=\"widget\" data-e-type=\"widget\" data-widget_type=\"image.default\">\n\t\t\t\t<div class=\"elementor-widget-container\">\n\t\t\t\t\t\t\t\t\t\t\t\t\t\t\t\t<a href=\"https:\/\/beatrice-lambert.fr\/index.php\/colibri-wp\/2-week-end-et-autres-propositions\/chemin-de-femmes\/\">\n\t\t\t\t\t\t\t<img decoding=\"async\" width=\"773\" height=\"773\" src=\"https:\/\/beatrice-lambert.fr\/wp-content\/uploads\/2022\/09\/chemin-de-femmes-vignette-site.jpg\" class=\"attachment-large size-large wp-image-1973\" alt=\"\" srcset=\"https:\/\/beatrice-lambert.fr\/wp-content\/uploads\/2022\/09\/chemin-de-femmes-vignette-site.jpg 773w, https:\/\/beatrice-lambert.fr\/wp-content\/uploads\/2022\/09\/chemin-de-femmes-vignette-site-300x300.jpg 300w, https:\/\/beatrice-lambert.fr\/wp-content\/uploads\/2022\/09\/chemin-de-femmes-vignette-site-600x600.jpg 600w, https:\/\/beatrice-lambert.fr\/wp-content\/uploads\/2022\/09\/chemin-de-femmes-vignette-site-768x768.jpg 768w\" sizes=\"(max-width: 773px) 100vw, 773px\" \/>\t\t\t\t\t\t\t\t<\/a>\n\t\t\t\t\t\t\t\t\t\t\t\t\t\t\t<\/div>\n\t\t\t\t<\/div>\n\t\t\t\t<div class=\"elementor-element elementor-element-d362700 elementor-widget elementor-widget-heading\" data-id=\"d362700\" data-element_type=\"widget\" data-e-type=\"widget\" data-widget_type=\"heading.default\">\n\t\t\t\t<div class=\"elementor-widget-container\">\n\t\t\t\t\t<h3 class=\"elementor-heading-title elementor-size-default\"><a href=\"https:\/\/beatrice-lambert.fr\/index.php\/colibri-wp\/2-week-end-et-autres-propositions\/chemin-de-femmes\/\">Chemin de Femmes<\/a><\/h3>\t\t\t\t<\/div>\n\t\t\t\t<\/div>\n\t\t\t\t\t<\/div>\n\t\t<\/div>\n\t\t\t\t<div class=\"elementor-column elementor-col-25 elementor-top-column elementor-element elementor-element-ff01989\" data-id=\"ff01989\" data-element_type=\"column\" data-e-type=\"column\">\n\t\t\t<div class=\"elementor-widget-wrap elementor-element-populated\">\n\t\t\t\t\t\t<div class=\"elementor-element elementor-element-cdc32a5 elementor-widget elementor-widget-image\" data-id=\"cdc32a5\" data-element_type=\"widget\" data-e-type=\"widget\" data-widget_type=\"image.default\">\n\t\t\t\t<div class=\"elementor-widget-container\">\n\t\t\t\t\t\t\t\t\t\t\t\t\t\t\t\t<a href=\"https:\/\/beatrice-lambert.fr\/index.php\/ateliers-et-cercles-de-tambours\/\">\n\t\t\t\t\t\t\t<img loading=\"lazy\" decoding=\"async\" width=\"1000\" height=\"1000\" src=\"https:\/\/beatrice-lambert.fr\/wp-content\/uploads\/2021\/05\/7-ateliers-cercle-de-tambour.jpg\" class=\"attachment-large size-large wp-image-385\" alt=\"\" srcset=\"https:\/\/beatrice-lambert.fr\/wp-content\/uploads\/2021\/05\/7-ateliers-cercle-de-tambour.jpg 1000w, https:\/\/beatrice-lambert.fr\/wp-content\/uploads\/2021\/05\/7-ateliers-cercle-de-tambour-300x300.jpg 300w, https:\/\/beatrice-lambert.fr\/wp-content\/uploads\/2021\/05\/7-ateliers-cercle-de-tambour-600x600.jpg 600w, https:\/\/beatrice-lambert.fr\/wp-content\/uploads\/2021\/05\/7-ateliers-cercle-de-tambour-768x768.jpg 768w\" sizes=\"(max-width: 1000px) 100vw, 1000px\" \/>\t\t\t\t\t\t\t\t<\/a>\n\t\t\t\t\t\t\t\t\t\t\t\t\t\t\t<\/div>\n\t\t\t\t<\/div>\n\t\t\t\t<div class=\"elementor-element elementor-element-d362914 elementor-widget elementor-widget-heading\" data-id=\"d362914\" data-element_type=\"widget\" data-e-type=\"widget\" data-widget_type=\"heading.default\">\n\t\t\t\t<div class=\"elementor-widget-container\">\n\t\t\t\t\t<h3 class=\"elementor-heading-title elementor-size-default\"><a href=\"https:\/\/beatrice-lambert.fr\/index.php\/ateliers-et-cercles-de-tambours\/\">La voie du tambour<\/a><\/h3>\t\t\t\t<\/div>\n\t\t\t\t<\/div>\n\t\t\t\t\t<\/div>\n\t\t<\/div>\n\t\t\t\t<div class=\"elementor-column elementor-col-25 elementor-top-column elementor-element elementor-element-a6d9371\" data-id=\"a6d9371\" data-element_type=\"column\" data-e-type=\"column\">\n\t\t\t<div class=\"elementor-widget-wrap\">\n\t\t\t\t\t\t\t<\/div>\n\t\t<\/div>\n\t\t\t\t\t<\/div>\n\t\t<\/section>\n\t\t\t\t<\/div>\n\t\t","protected":false},"excerpt":{"rendered":"<p>Th\u00e9rapie psychocorporelle et transpersonnelle Constellations et rituels chamaniques Chemin de Femmes La voie du tambour<\/p>\n","protected":false},"author":1,"featured_media":0,"parent":0,"menu_order":0,"comment_status":"closed","ping_status":"closed","template":"","meta":{"_acf_changed":false,"_kad_post_transparent":"","_kad_post_title":"hide","_kad_post_layout":"fullwidth","_kad_post_sidebar_id":"","_kad_post_content_style":"unboxed","_kad_post_vertical_padding":"hide","_kad_post_feature":"hide","_kad_post_feature_position":"","_kad_post_header":false,"_kad_post_footer":false,"_kad_post_classname":"","footnotes":""},"class_list":["post-115","page","type-page","status-publish","hentry"],"acf":[],"yoast_head":"<!-- This site is optimized with the Yoast SEO plugin v27.4 - https:\/\/yoast.com\/product\/yoast-seo-wordpress\/ -->\n<title>Page d&#039;accueil - Beatrice Lambert<\/title>\n<meta name=\"description\" content=\"B\u00e9atrice Lambert pratique la psychoth\u00e9rapie corporelle et chamanique \u00e0 Monistrol-sur Loire (Auvergne Rh\u00f4ne-Alpes)\" \/>\n<meta name=\"robots\" content=\"index, follow, max-snippet:-1, max-image-preview:large, max-video-preview:-1\" \/>\n<link rel=\"canonical\" href=\"https:\/\/beatrice-lambert.fr\/\" \/>\n<meta property=\"og:locale\" content=\"fr_FR\" \/>\n<meta property=\"og:type\" content=\"article\" \/>\n<meta property=\"og:title\" content=\"Page d&#039;accueil - Beatrice Lambert\" \/>\n<meta property=\"og:description\" content=\"B\u00e9atrice Lambert pratique la psychoth\u00e9rapie corporelle et chamanique \u00e0 Monistrol-sur Loire (Auvergne Rh\u00f4ne-Alpes)\" \/>\n<meta property=\"og:url\" content=\"https:\/\/beatrice-lambert.fr\/\" \/>\n<meta property=\"og:site_name\" content=\"Beatrice Lambert\" \/>\n<meta property=\"article:modified_time\" content=\"2025-11-05T11:52:25+00:00\" \/>\n<meta property=\"og:image\" content=\"https:\/\/beatrice-lambert.fr\/wp-content\/uploads\/2021\/05\/1-psuchotherqpie.jpg\" \/>\n\t<meta property=\"og:image:width\" content=\"1000\" \/>\n\t<meta property=\"og:image:height\" content=\"1000\" \/>\n\t<meta property=\"og:image:type\" content=\"image\/jpeg\" \/>\n<meta name=\"twitter:card\" content=\"summary_large_image\" \/>\n<meta name=\"twitter:label1\" content=\"Dur\u00e9e de lecture estim\u00e9e\" \/>\n\t<meta name=\"twitter:data1\" content=\"1 minute\" \/>\n<script type=\"application\/ld+json\" class=\"yoast-schema-graph\">{\"@context\":\"https:\\\/\\\/schema.org\",\"@graph\":[{\"@type\":\"WebPage\",\"@id\":\"https:\\\/\\\/beatrice-lambert.fr\\\/\",\"url\":\"https:\\\/\\\/beatrice-lambert.fr\\\/\",\"name\":\"Page d'accueil - Beatrice Lambert\",\"isPartOf\":{\"@id\":\"https:\\\/\\\/beatrice-lambert.fr\\\/#website\"},\"primaryImageOfPage\":{\"@id\":\"https:\\\/\\\/beatrice-lambert.fr\\\/#primaryimage\"},\"image\":{\"@id\":\"https:\\\/\\\/beatrice-lambert.fr\\\/#primaryimage\"},\"thumbnailUrl\":\"https:\\\/\\\/beatrice-lambert.fr\\\/wp-content\\\/uploads\\\/2021\\\/05\\\/1-psuchotherqpie.jpg\",\"datePublished\":\"2021-04-25T14:53:30+00:00\",\"dateModified\":\"2025-11-05T11:52:25+00:00\",\"description\":\"B\u00e9atrice Lambert pratique la psychoth\u00e9rapie corporelle et chamanique \u00e0 Monistrol-sur Loire (Auvergne Rh\u00f4ne-Alpes)\",\"breadcrumb\":{\"@id\":\"https:\\\/\\\/beatrice-lambert.fr\\\/#breadcrumb\"},\"inLanguage\":\"fr-FR\",\"potentialAction\":[{\"@type\":\"ReadAction\",\"target\":[\"https:\\\/\\\/beatrice-lambert.fr\\\/\"]}]},{\"@type\":\"ImageObject\",\"inLanguage\":\"fr-FR\",\"@id\":\"https:\\\/\\\/beatrice-lambert.fr\\\/#primaryimage\",\"url\":\"https:\\\/\\\/beatrice-lambert.fr\\\/wp-content\\\/uploads\\\/2021\\\/05\\\/1-psuchotherqpie.jpg\",\"contentUrl\":\"https:\\\/\\\/beatrice-lambert.fr\\\/wp-content\\\/uploads\\\/2021\\\/05\\\/1-psuchotherqpie.jpg\",\"width\":1000,\"height\":1000},{\"@type\":\"BreadcrumbList\",\"@id\":\"https:\\\/\\\/beatrice-lambert.fr\\\/#breadcrumb\",\"itemListElement\":[{\"@type\":\"ListItem\",\"position\":1,\"name\":\"Accueil\",\"item\":\"https:\\\/\\\/beatrice-lambert.fr\\\/\"},{\"@type\":\"ListItem\",\"position\":2,\"name\":\"Page d&rsquo;accueil\"}]},{\"@type\":\"WebSite\",\"@id\":\"https:\\\/\\\/beatrice-lambert.fr\\\/#website\",\"url\":\"https:\\\/\\\/beatrice-lambert.fr\\\/\",\"name\":\"Beatrice Lambert\",\"description\":\"\",\"publisher\":{\"@id\":\"https:\\\/\\\/beatrice-lambert.fr\\\/#organization\"},\"potentialAction\":[{\"@type\":\"SearchAction\",\"target\":{\"@type\":\"EntryPoint\",\"urlTemplate\":\"https:\\\/\\\/beatrice-lambert.fr\\\/?s={search_term_string}\"},\"query-input\":{\"@type\":\"PropertyValueSpecification\",\"valueRequired\":true,\"valueName\":\"search_term_string\"}}],\"inLanguage\":\"fr-FR\"},{\"@type\":\"Organization\",\"@id\":\"https:\\\/\\\/beatrice-lambert.fr\\\/#organization\",\"name\":\"B\u00e9atrice Lambert\",\"url\":\"https:\\\/\\\/beatrice-lambert.fr\\\/\",\"logo\":{\"@type\":\"ImageObject\",\"inLanguage\":\"fr-FR\",\"@id\":\"https:\\\/\\\/beatrice-lambert.fr\\\/#\\\/schema\\\/logo\\\/image\\\/\",\"url\":\"https:\\\/\\\/beatrice-lambert.fr\\\/wp-content\\\/uploads\\\/2021\\\/09\\\/Beatrice-Logo-OK6.png\",\"contentUrl\":\"https:\\\/\\\/beatrice-lambert.fr\\\/wp-content\\\/uploads\\\/2021\\\/09\\\/Beatrice-Logo-OK6.png\",\"width\":400,\"height\":283,\"caption\":\"B\u00e9atrice Lambert\"},\"image\":{\"@id\":\"https:\\\/\\\/beatrice-lambert.fr\\\/#\\\/schema\\\/logo\\\/image\\\/\"}}]}<\/script>\n<!-- \/ Yoast SEO plugin. -->","yoast_head_json":{"title":"Page d'accueil - Beatrice Lambert","description":"B\u00e9atrice Lambert pratique la psychoth\u00e9rapie corporelle et chamanique \u00e0 Monistrol-sur Loire (Auvergne Rh\u00f4ne-Alpes)","robots":{"index":"index","follow":"follow","max-snippet":"max-snippet:-1","max-image-preview":"max-image-preview:large","max-video-preview":"max-video-preview:-1"},"canonical":"https:\/\/beatrice-lambert.fr\/","og_locale":"fr_FR","og_type":"article","og_title":"Page d'accueil - Beatrice Lambert","og_description":"B\u00e9atrice Lambert pratique la psychoth\u00e9rapie corporelle et chamanique \u00e0 Monistrol-sur Loire (Auvergne Rh\u00f4ne-Alpes)","og_url":"https:\/\/beatrice-lambert.fr\/","og_site_name":"Beatrice Lambert","article_modified_time":"2025-11-05T11:52:25+00:00","og_image":[{"width":1000,"height":1000,"url":"https:\/\/beatrice-lambert.fr\/wp-content\/uploads\/2021\/05\/1-psuchotherqpie.jpg","type":"image\/jpeg"}],"twitter_card":"summary_large_image","twitter_misc":{"Dur\u00e9e de lecture estim\u00e9e":"1 minute"},"schema":{"@context":"https:\/\/schema.org","@graph":[{"@type":"WebPage","@id":"https:\/\/beatrice-lambert.fr\/","url":"https:\/\/beatrice-lambert.fr\/","name":"Page d'accueil - Beatrice Lambert","isPartOf":{"@id":"https:\/\/beatrice-lambert.fr\/#website"},"primaryImageOfPage":{"@id":"https:\/\/beatrice-lambert.fr\/#primaryimage"},"image":{"@id":"https:\/\/beatrice-lambert.fr\/#primaryimage"},"thumbnailUrl":"https:\/\/beatrice-lambert.fr\/wp-content\/uploads\/2021\/05\/1-psuchotherqpie.jpg","datePublished":"2021-04-25T14:53:30+00:00","dateModified":"2025-11-05T11:52:25+00:00","description":"B\u00e9atrice Lambert pratique la psychoth\u00e9rapie corporelle et chamanique \u00e0 Monistrol-sur Loire (Auvergne Rh\u00f4ne-Alpes)","breadcrumb":{"@id":"https:\/\/beatrice-lambert.fr\/#breadcrumb"},"inLanguage":"fr-FR","potentialAction":[{"@type":"ReadAction","target":["https:\/\/beatrice-lambert.fr\/"]}]},{"@type":"ImageObject","inLanguage":"fr-FR","@id":"https:\/\/beatrice-lambert.fr\/#primaryimage","url":"https:\/\/beatrice-lambert.fr\/wp-content\/uploads\/2021\/05\/1-psuchotherqpie.jpg","contentUrl":"https:\/\/beatrice-lambert.fr\/wp-content\/uploads\/2021\/05\/1-psuchotherqpie.jpg","width":1000,"height":1000},{"@type":"BreadcrumbList","@id":"https:\/\/beatrice-lambert.fr\/#breadcrumb","itemListElement":[{"@type":"ListItem","position":1,"name":"Accueil","item":"https:\/\/beatrice-lambert.fr\/"},{"@type":"ListItem","position":2,"name":"Page d&rsquo;accueil"}]},{"@type":"WebSite","@id":"https:\/\/beatrice-lambert.fr\/#website","url":"https:\/\/beatrice-lambert.fr\/","name":"Beatrice Lambert","description":"","publisher":{"@id":"https:\/\/beatrice-lambert.fr\/#organization"},"potentialAction":[{"@type":"SearchAction","target":{"@type":"EntryPoint","urlTemplate":"https:\/\/beatrice-lambert.fr\/?s={search_term_string}"},"query-input":{"@type":"PropertyValueSpecification","valueRequired":true,"valueName":"search_term_string"}}],"inLanguage":"fr-FR"},{"@type":"Organization","@id":"https:\/\/beatrice-lambert.fr\/#organization","name":"B\u00e9atrice Lambert","url":"https:\/\/beatrice-lambert.fr\/","logo":{"@type":"ImageObject","inLanguage":"fr-FR","@id":"https:\/\/beatrice-lambert.fr\/#\/schema\/logo\/image\/","url":"https:\/\/beatrice-lambert.fr\/wp-content\/uploads\/2021\/09\/Beatrice-Logo-OK6.png","contentUrl":"https:\/\/beatrice-lambert.fr\/wp-content\/uploads\/2021\/09\/Beatrice-Logo-OK6.png","width":400,"height":283,"caption":"B\u00e9atrice Lambert"},"image":{"@id":"https:\/\/beatrice-lambert.fr\/#\/schema\/logo\/image\/"}}]}},"_links":{"self":[{"href":"https:\/\/beatrice-lambert.fr\/index.php\/wp-json\/wp\/v2\/pages\/115","targetHints":{"allow":["GET"]}}],"collection":[{"href":"https:\/\/beatrice-lambert.fr\/index.php\/wp-json\/wp\/v2\/pages"}],"about":[{"href":"https:\/\/beatrice-lambert.fr\/index.php\/wp-json\/wp\/v2\/types\/page"}],"author":[{"embeddable":true,"href":"https:\/\/beatrice-lambert.fr\/index.php\/wp-json\/wp\/v2\/users\/1"}],"replies":[{"embeddable":true,"href":"https:\/\/beatrice-lambert.fr\/index.php\/wp-json\/wp\/v2\/comments?post=115"}],"version-history":[{"count":467,"href":"https:\/\/beatrice-lambert.fr\/index.php\/wp-json\/wp\/v2\/pages\/115\/revisions"}],"predecessor-version":[{"id":3916,"href":"https:\/\/beatrice-lambert.fr\/index.php\/wp-json\/wp\/v2\/pages\/115\/revisions\/3916"}],"wp:attachment":[{"href":"https:\/\/beatrice-lambert.fr\/index.php\/wp-json\/wp\/v2\/media?parent=115"}],"curies":[{"name":"wp","href":"https:\/\/api.w.org\/{rel}","templated":true}]}}